+ -2.
-6
What is the value of (3 - -1) + -6 + -3?
-5
Calculate -10 + 1 - (-4 + -5).
0
(-7 - -9) + -5 - 0
-3
Calculate 4 - 2 - (-1 + 1 + -2).
4
Evaluate (-2 - (18 - 16)) + 5 + 0.
1
Calculate 10 + (-5 - -2) - 5.
2
Evaluate -1 + (3 - 5 - -2) + 1.
0
(4 - (15 + -3)) + (19 - 16)
-5
Calculate 4 - (0 + 7 + (2 - 6)).
1
What is -3 + (5 - 7) + 6?
1
(-8 - -16) + (-1 - 5)
2
Evaluate 5 + (0 + 3 - 0) + -3.
5
Calculate -9 - (-2 + 1 - (53 - 47)).
-2
What is (3 + -1 - -6) + -3?
5
7 + -3 - 5 - -1 - -3
3
Calculate -4 + 10 + -12 - -10.
4
Evaluate 0 + -21 + 8 - -14.
1
What is the value of -2 + -5 + 6 + -4?
-5
What is the value of -4 + -8 + 4 + 14 - 5?
1
Calculate 6 - (2 + 3 + -11 + 8).
4
What is -5 - (4 - 13) - (-1 + 0)?
5
Evaluate -6 + 6 + 6 + -1.
5
What is the value of (-9 - (-6 - -8)) + 11?
0
What is 10 - (12 + (-11 - -5))?
4
Evaluate 3 + (1 - 3) + -4.
-3
What is 7 + (0 - 14) + 7?
0
Calculate -1 - (1 - (3 - 5)).
-4
What is the value of -3 - (0 + (5 - 2))?
-6
What is the value of 4 + 7 + -7 - (2 - -2)?
0
1 + (1 - 0) - (11 + -14)
5
Evaluate 6 - ((4 - 1) + -2).
5
What is 2 + -1 + 13 + -21?
-7
What is the value of -5 + 3 + 1 + 3 + -2?
0
What is the value of 5 + -2 + (4 - 9)?
-2
Evaluate -2 - 1 - -3 - 2.
-2
Calculate 3 - 2 - (-2 - -1) - 5.
-3
(2 - (3 - 3)) + -4 - -1
-1
(9 + -6 - (-2 + -2)) + -4
3
(6 - (5 - 1)) + -6
-4
What is 7 - 1 - (-11 - (17 + -28))?
6
Calculate -11 + (1 - 2 - (-29 - -22)).
-5
Evaluate (0 - -2 - -10) + (-2 - 1).
9
Evaluate -1 - (-15 - (-1 - 11)).
2
What is the value of 59 + -57 - (4 + 1)?
-3
What is the value of 3 + (7 + -5 - -2) - -1?
8
What is -13 + (18 - 7) - 0?
-2
What is the value of 5 + -1 - (-4 - -1 - -4)?
3
(2 - -4) + 1 + -7 + 5
5
What is 100 + -93 + (-4 - 0)?
3
What is the value of (-28 - -34 - (1 + 0)) + -3?
2
What is 0 + -3 - ((20 - 32) + 6)?
3
Evaluate 14 - 1 - (5 + 2).
6
Calculate -5 + (-4 + 7 + 2 - 2).
-2
Calculate (-13 - -6 - (-10 + 0)) + 1.
4
Evaluate 5 + (-1 - 3 - 1) + 3.
3
Calculate 0 - (-6 - -6 - -3) - -5.
2
Evaluate -8 - -10 - (-1 + (-4 - -10)).
-3
Calculate 7 + (-9 - -2) - -2.
2
What is -5 + (2 - (-3 - -2)) + -2?
-4
What is (1 - -16) + -9 + 1 + 1?
10
What is 3 + -2 - (4 - (2 - 1))?
-2
Calculate 5 - (6 + 6 + -4).
-3
What is the value of 1 - 1 - (2 + -2)?
0
Evaluate 10 + (-14 - -8) + -7.
-3
What is 8 + -8 - 7 - -11?
4
What is the value of 2 - (1 - (-2 + 2))?
1
What is the value of (-9 - -8) + -1 + (1 - 0)?
-1
0 + 6 - 8 - (1 - 1)
-2
Calculate (-9 - (-3 + -1)) + 4.
-1
Evaluate -1 - -3 - (4 + -6 + 8).
-4
What is the value of 1 + 0 + -4 + 8?
5
What is the value of 6 - (-3 - (-2 + -5))?
2
Calculate (-9 + 6 - 0) + 3.
0
Evaluate -1 + (3 - (-3 + 4)) + 2.
3
(1 - 1) + -3 + 2
-1
Calculate 11 - 0 - ((-1 - -5) + 2).
5
What is -1 - (4 - (2 + 3 + -4))?
-4
Evaluate (-54 - -51) + (-1 - -3).
-1
-41 + 49 + (0 - 2)
6
What is the value of -1 + (-2 - (3 + (-14 - -4)))?
4
Calculate (7 - 5) + 0 - (1 + -1).
2
(-7 - -4) + -5 + (2 - -2)
-4
What is -1 + (-1 - 1) - 3 - -2?
-4
Calculate 4 - (3 + -4 + 0).
5
What is -2 + 3 + -4 + -2?
-5
What is the value of (-4 - -1 - -3 - -2) + 0?
2
Calculate 3 - (-7 - -16 - 6).
0
What is the value of (0 - 1) + (4 + -8 - -7)?
2
(-9 - -1) + (-53 - -56)
-5
Evaluate -14 + -9 + (6 - -12).
-5
Evaluate (2 + -2 - 1) + -1 + 2.
0
What is the value of (34 - (7 + 20)) + 3 + 1?
11
Calculate 2 + (-3 - (7 + 0)) + 3.
-5
What is the value of -6 + -3 - (-2 - 0)?
-7
Evaluate 18 + -22 + 8 + 0.
4
What is 12 - 8 - (14 + -4)?
-6
Calculate 6 - 1 - ((-3 - -13) + -1).
-4
What is (-5 - (-3 + -2)) + 3?
3
What is 5 - (9 + -8 - (-6 + 1))?
-1
-5 - (-1 - (8 + -4))
0
Evaluate (-2 - 1) + 2 + 13 + -7.
5
Evaluate 4 + (5 - 1 - (7 + -2)).
3
What is the value of 6 - ((10 - 3) + 8)?
-9
What is the value of -1 + 5 + 0 + 1 + -5?
0
What is the value of -4 + -4 + 7 - 1?
-2
Evaluate 1 + -2 + 0 + 2.
1
(0 - ((-2 - -1) + -3)) + -2
2
Calculate 9 + 4 + -4 + -5.
4
What is 3 + 1 - (2 - (-8 + 3))?
-3
5 - (-4 + 1 + -4 + 14)
-2
What is -2 + 7 - (-5 + 5)?
5
What is the value of 0 - (-7 + -4 + 8)?
3
What is the value of -1 - ((13 - 13) + -7 + -3)?
9
1 - (9 - (2 - 1 - -6))
-1
What is the value of 1 - 2 - (4 + -1)?
-4
5 + -8 + 6 + -9
-6
Evaluate 4 + (-4 - -7 - 11).
-4
Calculate -22 - (-17 - 4) - (7 - -1).
-9
What is 6 + -1 + (-8 - -4)?
1
Calculate 6 + -9 + 1 + 1 + -1.
-2
Calculate -19 + 32 - (17 - 5).
1
Calculate -11 - (9 - (-2 + 20)).
-2
(0 - (4 + -5) - 8) + 0
-7
What is the value of -2 + 0 + (2 - -3) - -1?
4
What is the value of 2 + 3 + 1 + -4?
2
What is -10 - -19 - 5 - 5?
-1
Calculate -4 + 7 + -6 + 3.
0
What is (18 - 12) + (2 - 6) + 0?
2
(4 - (5 - (5 - 2))) + -5
-3
What is (0 - 0 - -2) + (7 - 10)?
-1
Calculate -36 - -36 - (4 - 0).
-4
-6 - (-19 + -4 + 12)
5
What is the value of 10 + -2 - (43 + -33)?
-2
What is -6 - -2 - ((-14 - 0) + 11)?
-1
-1 + (3 + 10 - 5)
7
What is 4 - (0 + -4 + 3)?
5
What is the value of -5 + -3 + (2 - -5)?
-1
What is the value of 6 - (-3 + 6) - (-3 - -4)?
2
What is the value of -158 + 157 - (1 - -1)?
-3
8 - 10 - (-13 - (-3 - 1))
7
-8 + 7 - (-5 - -1)
3
Calculate (0 - (-4 + 4)) + -5.
-5
What is the value of -6 + (5 - 3) + 9?
5
(14 - 14) + -1 + 6
5
Evaluate -6 - ((2 - 2) + (-12 - -6)).
0
What is 6 + 0 + (8 - 8)?
6
What is 5 - (5 + 7 - 3)?
-4
What is (-2 - 0) + (-20 - -11) + 11?
0
Calculate 6 - (-3 + 9 + 2).
-2
What is the value of 11 + -18 + (-1 - 2 - -16)?
6
What is the value of 0 + 8 + -5 + -9?
-6
Calculate (-14 - (-5 + 1)) + 8.
-2
4 + 1 - (-11 - -17)
-1
Calculate 0 + 3 + 1 + -7 - -4.
1
-2 + (-1 - 4) + 10
3
Evaluate -77 + 80 + (-3 - 1 - 1).
-2
What is the value of 0 - (4 - (-1 - -9))?
4
What is (-4 + 10 - 8) + 3?
1
Evaluate -5 + 12 - 1 - 0.
6
What is the value of 9 + (3 - 7) - 4 - 4?
-3
Evaluate 3 + (5 - 5) - 2.
1
What is (10 - 6) + -4 - -6 - -2?
8
What is the value of (-9 - -4 - (-1 - 2)) + -1?
-3
-1 + 5 - (1 - (1 - 8))
-4
Evaluate -13 + (-9 - -5 - -12).
-5
What is the value of -3 + (66 - 54) + (1 - 3)?
7
Evaluate 2 + -6 - (3 + -4 + 1).
-4
Evaluate -5 - (-10 + (3 - 3)).
5
-7 - (7 + 1 - (-3 - -16))
-2
Evaluate 19 + -10 + 0 + -2.
7
Evaluate -5 - (3 + 2 + -11).
1
Evaluate -21 - (5 + -16) - (-2 + 0).
-8
Calculate 4 - (6 - (-5 + 4)).
-3
What is -1 + -8 - (123 + -137)?
5
(6 - 1) + 0 + -3
2
Calculate 7 + -1 - (-31 + 15 - -23).
-1
2 - 1 - (29 + -23)
-5
What is -11 + 17 + -6 + -6?
-6
Evaluate -10 + 3 + 3 + 7.
3
What is the value of 8 + (3 - 8 - -3)?
6
1 - (8 - (-2 + 5))
-4
(-1 - 1) + -5 + (3 - -2)
-2
Calculate 4 + 5 + 1 + -13 - 1.
-4
What is the value of 2 + 1 + (-1 - -4 - 3)?
3
Evaluate -3 + 3 + 2 + -3.
-1
What is (-4 - -8) + -11 + (5 - -9)?
7
What is the value of (2 - (-2 + 2)) + 0 + -7?
-5
What is 3 + (-12 + 8 - -6)?
5
4 + 1 + -19 + 19
5
What is the value of 4 + (0 - (5 - 6))?
5
-2 - -1 - 3 - (13 + -18)
1
What is the value of 0 + -1 - (-3 - 3)?
5
Calculate -4 - (1 + (6 - 9 - 10)).
8
-6 + 14 + -6 + -7
-5
What is 13 + -12 + (1 - 1)?
1
Calculate -18 + (-17 - -39) - (2 - 0).
2
What is 1 - 0 - (24 + -10 + -16)?
3
What is -9 + 6 + -3 - (-4 - -2)?
-4
What is the value of -9 + 4 + 2 - (0 - -1)?
-4
-3 + (-8 - -8) + -1 - -4
0
Evaluate -3 - (0 + 6 + (-3 - 7)).
1
Evaluate (-28 - -33) + (-1 - 5).
-1
Evaluate (1 - 0 - -1) + 0.
2
Evaluate -7 + (2 - 1) + 5.
-1
1 + -5 + 7 + -4
-1
What is 1 + (-2 - -2 - (7 - 3))?
-3
Calculate (-4 - (0 + 4)) + 8.
0
Evaluate (5 - 5) + (5 - 1).
4
Calculate 1 - (-4 - (-2 + -2 + -3)).
-2
Calculate -4 + (1 - 4) - -6.
-1
What is -3 + 2 + (3 - 2)?
0
Calculate 4 + -6 + (-4 - -5) - 4.
-5
Evaluate (-6 - (22 - 12)) + 8.
-8
What is -4 + -2 + -2 + -5 + 9?
-4
(-2 - -3) + -2 + 1
0
-4 - ((-1 - -1) + -3)
-1
Evaluate -2 + (4 - 3) + 3.
2
What is 4 - 3 - (-2 + -1 + 3)?
1
Evaluate 2 + (-5 - (3 + -3)) + 4.
1
-1 - ((-7 - -17) + -5)
-6
Calculate -1 - (3 - 2 - -3) - -3.
-2
What is -2 + 11 - (111 - 112)?
10
-5 + (3 - -5 - 5) + 2
0
What is the value of -7 + 0 + -10 + 15?
-2
-2 + -1 - (-17 - -13)
1
Calculate -45 + 52 - (1 - -10).
-4
What is the value of -12 + 10 + (-2 - 0 - -6)?
2
What is -1 + 5 - (45 + -40)?
-1
What is the value of 5 - -1 - 10 - (1 - 4)?
-1
(-5 - -2) + (2 - 7)
-8
What is the value of (-3 - 1) + (10 - 7) + 4?
3
-1 + 1 + -2 + 5
3
Evaluate -27 + 23 - ((-6 - -1) + 0).
1
What is the value of (-4 - -6) + (-1 - (3 + -2))?
0
Evaluate 18 + -3 + -6 + 4 + -5.
8
Evaluate 3 - 3 - (1 + 0).
-1
What is -2 - (1 + -4) - (-1 - -4)?
-2
Calculate 7 - 5 - -1 - 0.
3
Evaluate -2